10074 - -10092. What is the greatest common divisor of h and s?
2
Let x be ((-1810)/(-8))/5 + 4/(-16). Let l = 89 - x. Calculate the greatest common divisor of l and 110.
22
Let s(a) = a + 16. Let v be s(-12). Suppose i + i - v*f - 48 = 0, -2*i + 30 = 5*f. What is the highest common divisor of 10 and i?
10
Let d(a) = -42*a**3 - a**2 + 3*a - 3. Let y be d(2). Let l = -172 - y. Let m = -9254 + 9269. What is the greatest common divisor of m and l?
15
Let c(q) = 2*q**3 - 2*q. Let l be c(4). Let y(g) = -2*g**2 + 6*g + 5. Let z be y(8). Let s = z + l. What is the highest common divisor of s and 18?
9
Let r be (276 - 1/1) + 0. Calculate the greatest common divisor of r and 25.
25
Let a = -275 + 315. Calculate the highest common divisor of a and 30.
10
Let v be 330/(3*(-3)/(-9)). Let r = -178 + v. Calculate the highest common factor of 19 and r.
19
Suppose -344 = -5*y - x + 2, 2*x = 2*y - 136. Calculate the highest common divisor of 2 and y.
1
Suppose 10*k = -205 + 4105. Suppose k = 2*j + 13*j. What is the greatest common factor of j and 91?
13
Suppose 5*p + 228*u - 226*u = 27608, 2*p + 2*u - 11042 = 0. What is the greatest common divisor of 22 and p?
22
Let r(j) = -131*j - 28. Let o be r(-4). Suppose -15*c + o + 254 = 0. Calculate the highest common divisor of 75 and c.
25
Let v = 60 - 135. Let f be v*4/(48/(-52)). Suppose -2*a - 4*o + 2*o + 126 = 0, 5*a - f = -3*o. What is the highest common divisor of 17 and a?
17
Let l(n) = -n**3 - 9*n**2 - 22*n - 12. Let p be l(-5). Let x be (160/(-48))/(p/9). Calculate the highest common factor of x and 120.
15
Suppose -2340 = f - 10*f. Calculate the greatest common factor of 195 and f.
65
Let r = 295 + -292. What is the greatest common factor of 51 and r?
3
Suppose 5*i - 25 = -5*m, -i = 2*m - 3*m - 1. Let c be (-452)/((-12)/i) - 2. What is the highest common factor of c and 37?
37
Suppose -4*q + 175 = g, g + q = 5*q + 215. What is the highest common divisor of g and 45?
15
Let k(v) = -v**2 + 6*v - 7. Let h be k(6). Let c = h + 9. Let u be 2/(1 + (-1)/c). Calculate the greatest common factor of 4 and u.
4
Let m = 109 - 97. Let j be (-20)/(-6)*30/25. Calculate the greatest common divisor of j and m.
4
Let b = 56 - -14. Let n(o) = 11*o - 5. Suppose -9*z + 6*z + 9 = 0. Let u be n(z). Calculate the highest common divisor of u and b.
14
Suppose 3*x - 246 = 5*z, -5*z = 8*x - 4*x - 293. Calculate the greatest common divisor of 11 and x.
11
Let t = 2 - -1. Let v be 3/t + 4 + 70. Let q(x) = 6*x - 3. Let s be q(3). What is the highest common divisor of s and v?
15
Suppose 0 = 2*l + 2*n - 174 + 8, -4*n + 12 = 0. Suppose 3*u - v = 11 + 20, 2*u = -3*v + 17. Calculate the highest common divisor of u and l.
10
Let x(b) = 319*b + 36. Let a be x(6). What is the greatest common factor of 65 and a?
65
Let i be 8 + -9 + 80/8. What is the greatest common divisor of 246 and i?
3
Suppose 7*t = -2*t + 27. Suppose t*j - 82 = 5*p + 75, -3*j + 137 = -p. What is the highest common factor of 11 and j?
11
Suppose 2*r + 1539 = 11*r. Suppose 2*u + r = 4*u - f, 426 = 5*u - f. Calculate the highest common factor of 34 and u.
17
Let z(f) = f**3 + 33. Let p = -20 - -20. Let q be z(p). Let u = 52 + -30. What is the greatest common divisor of q and u?
11
Let r = 52 - 48. Suppose 2*u - 2 = r, -5*c + 4*u + 888 = 0. Calculate the greatest common divisor of c and 20.
20
Let z(d) be the third derivative of d**4/24 - d**3 + 3*d**2. Let v be z(4). Let o be (160/24)/(v/(-3)). What is the highest common divisor of 110 and o?
10
Let s be (-5)/(-10*2/24). Suppose 5*y = 19 + s. Suppose y*p + 484 = 5*j - 36, j = 5*p + 124. What is the greatest common divisor of 9 and j?
9
Let n = -40 - -42. Let k(p) = 3*p**3 - p**2 + p + 2. Let s be k(n). Calculate the highest common divisor of s and 36.
12
Let t = -1058 - -1130. What is the greatest common divisor of t and 312?
24
Let g be ((-2)/(-6))/((-1)/(-9)). Let k(t) = 4*t**2 - g*t**2 + 10 - 3*t - 2*t**2 + 2*t. Let q be k(0). Calculate the greatest common factor of q and 2.
2
Let x(u) be the second derivative of -u**3/2 + 2*u**2 + 2*u. Let b be x(-12). Let t be 7/(35/b) - 2. Calculate the greatest common divisor of 66 and t.
6
Let y = 22 - 1. Suppose 2*u - 2*l + 3*l = 29, -3*l = -5*u + 56. Let w = 97 - u. Calculate the highest common factor of y and w.
21
Suppose k = -k. Let s = k + 18. Suppose 4*o - s = 3*o. What is the highest common factor of 12 and o?
6
Let f = 86 + -82. Suppose f*s - 52 = 3*c - 5*c, -2*s = -2*c - 20. Calculate the highest common factor of 84 and s.
12
Let d(f) = 2 + 8*f - f + 5 - 39 + f**2. Let g be d(-11). What is the highest common factor of 9 and g?
3
Suppose -2*w = -56 + 32. Calculate the greatest common divisor of w and 68.
4
Suppose 5*v = 2*o - 125, 7 = -2*o - 4*v + 123. Suppose w + 33 = 2*w. Let i = w - 13. Calculate the highest common divisor of i and o.
20
Let j(i) = -2*i - 25. Let o be j(-15). Suppose o*x = -0*x + 45. Calculate the highest common factor of x and 27.
9
Let j = 887 + -871. Calculate the greatest common factor of 344 and j.
8
Let k be (-6)/15*-10 - 4. Suppose k = 3*y - 266 + 86. Calculate the greatest common divisor of 80 and y.
20
Suppose -3*w = -2*m - 3*m - 24, -4*m = 0. Calculate the greatest common factor of w and 14.
2
Let z(c) = c**2 + c. Let o be z(-5). Let u be 2*14 + (-12 - -12). Let x = u + -24. What is the greatest common divisor of o and x?
4
Let d be (-5)/(3/(-3 + 0)). Let r(x) = -x**3 + 6*x**2 - 4*x - 1. Let q be r(d). Let t be q/(-2) + 4 + 20. What is the highest common factor of 22 and t?
22
Suppose 649*k - 653*k = -168. What is the greatest common divisor of 231 and k?
21
Let r(p) = p**2 - 33*p - 166. Let m be r(38). Calculate the greatest common factor of m and 192.
24
Suppose 2*c - 51 = 4*o + 3, -2*o - 33 = -3*c. Let k = 14 + o. Let w be 273/14 - k/(-4). What is the highest common divisor of w and 20?
20
Let w(u) = 304*u**2 + 2*u - 1. Let x be w(1). Suppose 4*t + 5*y = 1041, -4*y = t - x + 53. What is the greatest common divisor of t and 33?
33
Let f be -4 + 34/9 + (-1526)/(-63). Let q = -23 + 39. Calculate the greatest common divisor of q and f.
8
Suppose -12*z = -7*z - l - 259, -267 = -5*z + 3*l. What is the highest common divisor of z and 68?
17
Suppose -40*b = -22*b - 324. What is the greatest common divisor of 666 and b?
18
Suppose -g = -5*z + 460, 449 = 3*z + 5*g + 145. What is the greatest common divisor of z and 155?
31
Suppose -10*m = -6*m - 1008. Calculate the greatest common factor of 36 and m.
36
Let c = 267 + -247. Calculate the greatest common divisor of 60 and c.
20
Suppose -38*s + 16 = -34*s. Let r(h) = -6*h - 3. Let t be r(-7). Suppose 45 + t = s*j. Calculate the greatest common divisor of 3 and j.
3
Let j = 302 - 217. Calculate the highest common divisor of 5 and j.
5
Let t be 1 + 3 + 4/16*0. Let j be -1 + 2 - (1 - 4)*t. What is the highest common factor of 143 and j?
13
Let q be (-64)/(-144) + 88/(-36) - -38. Let v = 121 - 67. What is the greatest common factor of v and q?
18
Suppose 10*f - 3*f - 413 = 0. Let n = f + -47. Let l = -106 + 202. Calculate the greatest common factor of l and n.
12
Let l = 34 - 24. Let f be (-1 - 10)*(l + -12). Calculate the highest common divisor of f and 33.
11
Let v be 4/(-6) + (-164)/(-3). Let o(l) = 2*l - 12. Let u be o(7). Suppose -2*x = 4*c, -3 = u*c + 3. What is the greatest common divisor of x and v?
6
Let z(b) = -b**2 - 48*b - 68. Let q be z(-26). Calculate the greatest common divisor of 288 and q.
72
Let u be ((-4)/(-6))/(2/(-252)*-2). Suppose 4*p - 15 = 1, 5*p = -5*v + 545. Calculate the highest common divisor of v and u.
21
Let g = 464 - 436. Calculate the highest common divisor of g and 1.
1
Let i be (-34 + 43)/((-1)/(-23)). What is the highest common divisor of 9 and i?
9
Suppose -3*f = -5*c + 1117, 5*c + 5*f - 889 - 236 = 0. Calculate the greatest common divisor of c and 64.
32
Let t be (5 + -4)/1*1. Let w be 1/((-3)/(-8 - t)). Let d be (w + 1 - -9) + -4. What is the highest common divisor of 99 and d?
9
Suppose 15*d - 1640 = -1310. What is the greatest common divisor of d and 10?
2
Suppose 7*d - 8*d + 90 = 0. Calculate the highest common divisor of 30 and d.
30
Suppose j - c - 12 = 0, -2*j - c + 36 = -0*j. Calculate the highest common factor of j and 272.
16
Suppose -87*m + 83*m + 144 = 0. 